 of n and 14?
14
Let f be ((-2)/1)/(8/(-1364)). Calculate the highest common divisor of 11 and f.
11
Suppose -5*z + 672 = -968. Calculate the highest common factor of z and 41.
41
Let j(i) = 36*i. Suppose 6 = -5*n + 26. Let b be j(n). Calculate the highest common factor of b and 16.
16
Let l(d) = 16*d. Let o be 3/6 - (-1)/2. Let q be l(o). Calculate the greatest common factor of 48 and q.
16
Let q = -17 + 0. Let u = q + 29. Calculate the greatest common factor of 60 and u.
12
Let u be 30/8*24/9. What is the highest common factor of u and 20?
10
Suppose 18*g = 23*g - 1540. Calculate the highest common divisor of g and 28.
28
Let r = 5 - 3. Suppose 8 = r*s, -i - s + 24 = i. Calculate the greatest common factor of i and 25.
5
Let l(m) = m**3 - 11*m**2 + 12*m + 11. Let j be l(11). Calculate the greatest common factor of 13 and j.
13
Suppose -58 = -4*r + 5*b, -3*r + 5*b + 41 = -0*b. Let x = r + -9. What is the highest common divisor of x and 20?
4
Let u = 19 + 20. Calculate the highest common divisor of 13 and u.
13
Suppose 2*u = u + 166. Let d be 2/7 + u/7. Let n = -195 + 435. Calculate the highest common divisor of n and d.
24
Suppose -o = -0*o - 5. Suppose -o*c + 672 + 93 = 0. Let m be 4/14 - (-351)/21. What is the highest common factor of c and m?
17
Suppose -2*y - 2048 = -6*y. Suppose -5*p = d - 0*d - 128, -4*d - p = -y. Calculate the highest common factor of d and 16.
16
Suppose 8*c = -7*c + 30. Calculate the greatest common divisor of 14 and c.
2
Let l = 42 + -14. What is the highest common divisor of 84 and l?
28
Suppose -2*u + 28 = -5*s, -5*u + s + 2 = -45. Let l be 0/1*(0 + -1). Suppose -315 = -l*i - 5*i. Calculate the highest common divisor of i and u.
9
Suppose -5*l = 13 + 12. Let k = l - -6. What is the highest common divisor of k and 7?
1
Let m = 14 + -12. Suppose -4*y = -12, -5*k = -m*k - y - 24. What is the highest common factor of k and 1?
1
Let s(u) = -4*u. Let h be s(-1). Let f(x) = -x**2 + 6*x - 6. Let p be f(h). Calculate the highest common divisor of p and 8.
2
Suppose 0 = -h + 2 - 0. Let a(y) = y**3 + 8*y**2 - y - 8. Let v be a(-8). Suppose v*n + h*n = 36. What is the highest common factor of n and 9?
9
Let p be ((-22)/3)/((-1)/3). Suppose 0 = -4*c, 0 = 4*o - 5*o + 3*c - 16. Let h = o + p. Calculate the highest common factor of 2 and h.
2
Suppose -2*j + 22 = a - 0*j, 5*j = -15. Calculate the greatest common divisor of a and 70.
14
Suppose -7*b + 8 = -3*b. Let z be 2 - 2 - (3 - b). Let m be z*((0 - -1) + -8). Calculate the greatest common divisor of m and 49.
7
Suppose -2*z = -p - 145, -69 = -z + 2*p + 11. What is the greatest common divisor of z and 42?
14
Let u(x) = x**2 - x + 1. Let i(n) = 6*n**2 - n - 6. Let c(b) = i(b) - 5*u(b). Let d be c(-8). Calculate the highest common divisor of d and 42.
21
Let k = -21 + 30. Calculate the highest common factor of k and 18.
9
Suppose 5*o + 0*y = 2*y + 10, 5*o - 4*y = 0. Let g(n) = -13*n - 3. Let p be g(-3). Calculate the highest common divisor of o and p.
4
Let n(l) = -l - 5. Suppose -19 = h + 3*i, -4*h + 5*i - 4*i = 24. Let a be n(h). Suppose 2*j + a*j - 224 = 0. Calculate the greatest common divisor of 14 and j.
14
Let t be (4/(2 - 4))/1. Let b be 18/((-3)/(t + -1)). Suppose 3*v = -0*v + b. Calculate the greatest common divisor of v and 30.
6
Suppose -4*x - 5*w = -98, -w = 4*x - 102 + 12. Let p = -41 - -63. What is the highest common factor of x and p?
22
Let i(p) = -p - 9. Let w be i(-7). Let z be (-1)/((-117)/57 - w). What is the highest common factor of 38 and z?
19
Let d = 7 + -5. Suppose 0*o - 21 = -o + 4*g, 5*g = -d*o - 10. Calculate the greatest common divisor of 20 and o.
5
Let z(m) = 16*m**2 - 60*m + 49. Let r(i) = -3*i**2 + 12*i - 10. Let k(x) = 11*r(x) + 2*z(x). Let t be k(10). Calculate the greatest common divisor of 16 and t.
8
Suppose 5*c - k - 76 = 0, -6*k + k = 3*c - 40. Calculate the greatest common factor of 75 and c.
15
Let g = -2 + 12. Suppose -3*i + 252 = 102. Let d = 100 - i. What is the highest common divisor of g and d?
10
Suppose -5*v + 45 = 3*y - 2*y, 3*y + 5*v - 105 = 0. Let r(s) = -5*s**3 + s**2 + 1. Let z be r(-2). What is the highest common factor of z and y?
15
Suppose -j - 93 = -5*z, -5*j + 10 = -2*z + 61. Let a = 56 + -11. What is the greatest common divisor of a and z?
9
Let d = -228 - -459. What is the greatest common divisor of 21 and d?
21
Let v be (-2 + -6)*(1 + 1). Let c = 28 - 0. Let h = c + v. What is the highest common factor of 30 and h?
6
Let o be 2/(-10) - 506/(-55). Suppose -5*f = -5*x - 120, o*x - 4*x = -f + 42. What is the greatest common factor of 9 and f?
9
Let q(j) = 2*j**2 + 2. Let d be q(-3). Let r = -14 + d. Suppose -5*f + 15 = -15. Calculate the highest common divisor of r and f.
6
Let d = -53 + 119. What is the highest common factor of d and 99?
33
Let h = 31 + 1. What is the highest common factor of h and 48?
16
Let n(w) = -w**2 + w + 40. Let s be n(0). Suppose 2*r + 1 = -7. Let k(i) = i**2 + 3*i + 6. Let c be k(r). Calculate the greatest common factor of s and c.
10
Let b be 134/(-10) + 9/(-15). Let i = 13 - b. What is the greatest common factor of 3 and i?
3
Suppose 0 - 4 = -4*y + 2*a, 2*y - 2*a = -2. Let s = y - 2. Let b be (12 - (-1 + 2)) + s. Calculate the highest common factor of b and 36.
12
Let a = 15 - -1. Suppose 0 = 2*j - a - 32. What is the greatest common factor of j and 36?
12
Let a be 1 - (-55)/15*3. Let q be 4 - (-1 - (-1 - -2)). What is the highest common factor of q and a?
6
Let u be (-745)/(-35) - (-3)/(-21)*2. Calculate the highest common factor of u and 336.
21
Suppose -k = -4*k - 9, -l = 3*k + 7. Suppose -2*g + 31 = -p, 0*p + p = -4*g + 53. Calculate the highest common factor of l and g.
2
Let o = 112 + -104. Calculate the highest common factor of 56 and o.
8
Let z(j) = 5 + 1 - j + 46*j**2 - 5. Let a = 25 + -27. Let k be z(a). What is the highest common factor of 17 and k?
17
Let z = -18 - -22. What is the highest common factor of z and 24?
4
Let v be (19/3)/(1/6). Let p = -99 + v. Let m = -39 - p. Calculate the highest common factor of 55 and m.
11
Suppose 2*p - p - 25 = 3*v, -v = 2*p - 22. Calculate the greatest common factor of 143 and p.
13
Let m(n) = 21*n - 2. Let d be m(7). Let a = d - 100. Suppose 0*i = -x - 3*i + a, i - 136 = -4*x. What is the highest common factor of 3 and x?
3
Let s be (11 - 13)/((-4)/66). Calculate the greatest common factor of 132 and s.
33
Let j = -143 + 150. Calculate the greatest common divisor of 203 and j.
7
Let n(b) = -28*b - 4. Let z be n(-7). Suppose -5*a + 820 = -4*c + 262, 3*a + 131 = -c. Let j = z + c. What is the highest common factor of j and 11?
11
Let i = -13 - -24. Let g = -173 + 272. What is the greatest common factor of i and g?
11
Suppose 0*f + f - 5 = 0. Let b be 18/(-45) - (-302)/f. Calculate the greatest common factor of 24 and b.
12
Let d be (-148)/(-28) - (-2 - (-48)/21). Calculate the highest common factor of d and 115.
5
Let x(b) = -3*b**3 - 6*b**2 - 2*b - 5. Let c be x(-4). Suppose -6 = 5*j + 9. Let a = j - -14. What is the highest common divisor of a and c?
11
Let s be -21*2*(-4)/8. Let j(r) = 12*r**2 + 7*r + 4. Let b be j(-4). What is the greatest common factor of s and b?
21
Let c(q) = q**3 - q**2 + 4*q + 1. Let s be c(4). Suppose s = -4*o + 225. What is the greatest common factor of 8 and o?
8
Let m(a) = 1. Let u(c) = c**3 - 3*c**2 + c + 4. Let j(y) = 5*m(y) - u(y). Let t be j(2). What is the highest common divisor of 33 and t?
3
Let v = 60 + -39. Calculate the highest common divisor of 3 and v.
3
Suppose -2*q = q - 6. Let d(t) = 4*t - 2. Let c be d(1). Calculate the greatest common factor of c and q.
2
Let m = 23 - 14. Let t be -2 + m/(9/14). What is the greatest common divisor of 132 and t?
12
Suppose 75 = 5*z - 115. Let w = z - 26. Calculate the greatest common factor of w and 3.
3
Let z(g) be the third derivative of -13*g**6/20 - g**5/60 - g**4/24 - g**3/6 + g**2. Let x be z(-1). Calculate the highest common divisor of x and 11.
11
Let o be 14/(-4*(-1)/(-22)). Let a be (o/14)/(2/(-4)). What is the greatest common factor of 121 and a?
11
Let s be (-161 + 0)*(-2 + 1). What is the greatest common factor of 23 and s?
23
Let c be ((-8)/(-10))/((-2)/(-220)). What is the highest common factor of 22 and c?
22
Let s = -35 - -7. Suppose 0 = 3*r +